is the remainder when 55603 is divided by 501?
493
Calculate the remainder when 625 is divided by 610.
15
Calculate the remainder when 24039 is divided by 60.
39
What is the remainder when 337499 is divided by 16?
11
Calculate the remainder when 2132503 is divided by 9.
7
Calculate the remainder when 1045 is divided by 253.
33
Calculate the remainder when 250 is divided by 213.
37
Calculate the remainder when 152391 is divided by 76185.
21
Calculate the remainder when 35453 is divided by 17622.
209
Calculate the remainder when 264327 is divided by 16.
7
What is the remainder when 23583 is divided by 229?
225
Calculate the remainder when 98807 is divided by 7.
2
What is the remainder when 1022 is divided by 121?
54
Calculate the remainder when 9466 is divided by 4729.
8
What is the remainder when 4621 is divided by 1273?
802
What is the remainder when 198038 is divided by 9?
2
What is the remainder when 10577 is divided by 19?
13
Calculate the remainder when 3789 is divided by 1884.
21
Calculate the remainder when 103349 is divided by 39.
38
Calculate the remainder when 1651452 is divided by 659.
657
Calculate the remainder when 272147 is divided by 45.
32
What is the remainder when 3265 is divided by 93?
10
Calculate the remainder when 5342 is divided by 2529.
284
Calculate the remainder when 7691 is divided by 348.
35
Calculate the remainder when 786992 is divided by 54.
50
What is the remainder when 274521 is divided by 34314?
9
Calculate the remainder when 35585 is divided by 1045.
55
What is the remainder when 5141806 is divided by 16?
14
What is the remainder when 55379 is divided by 1026?
1001
Calculate the remainder when 2277 is divided by 19.
16
Calculate the remainder when 35344 is divided by 175.
169
Calculate the remainder when 492689 is divided by 492675.
14
What is the remainder when 65609 is divided by 47?
44
Calculate the remainder when 114288 is divided by 146.
116
Calculate the remainder when 181912 is divided by 73.
69
What is the remainder when 83320 is divided by 97?
94
Calculate the remainder when 1084 is divided by 404.
276
What is the remainder when 156037 is divided by 61?
60
What is the remainder when 2015 is divided by 1839?
176
Calculate the remainder when 212 is divided by 33.
14
What is the remainder when 58127 is divided by 1211?
1210
Calculate the remainder when 40132 is divided by 277.
244
Calculate the remainder when 1486 is divided by 371.
2
What is the remainder when 568 is divided by 256?
56
Calculate the remainder when 241249 is divided by 1687.
8
Calculate the remainder when 4285 is divided by 1483.
1319
Calculate the remainder when 761711 is divided by 253886.
53
Calculate the remainder when 372247 is divided by 5.
2
Calculate the remainder when 7535 is divided by 3746.
43
What is the remainder when 823 is divided by 45?
13
Calculate the remainder when 48857 is divided by 17.
16
What is the remainder when 9339 is divided by 9339?
0
What is the remainder when 16223 is divided by 5407?
2
Calculate the remainder when 6471 is divided by 25.
21
What is the remainder when 52697 is divided by 230?
27
Calculate the remainder when 16806 is divided by 5401.
603
Calculate the remainder when 878672 is divided by 229.
228
What is the remainder when 2060 is divided by 598?
266
What is the remainder when 1278024 is divided by 6?
0
What is the remainder when 14985 is divided by 365?
20
What is the remainder when 2741 is divided by 214?
173
Calculate the remainder when 61447 is divided by 930.
67
What is the remainder when 66098 is divided by 162?
2
Calculate the remainder when 14864 is divided by 1057.
66
What is the remainder when 13060 is divided by 333?
73
Calculate the remainder when 8397 is divided by 3821.
755
What is the remainder when 7779 is divided by 491?
414
What is the remainder when 15160 is divided by 33?
13
Calculate the remainder when 15699 is divided by 5210.
69
Calculate the remainder when 869 is divided by 432.
5
Calculate the remainder when 921785 is divided by 402.
401
Calculate the remainder when 638693 is divided by 8.
5
Calculate the remainder when 63370 is divided by 10559.
16
Calculate the remainder when 26772 is divided by 41.
40
Calculate the remainder when 901325 is divided by 300441.
2
What is the remainder when 1327 is divided by 126?
67
What is the remainder when 8889 is divided by 67?
45
What is the remainder when 19092 is divided by 6360?
12
Calculate the remainder when 112988 is divided by 112956.
32
Calculate the remainder when 10481 is divided by 3490.
11
What is the remainder when 11784 is divided by 16?
8
Calculate the remainder when 66585 is divided by 11.
2
What is the remainder when 1666328 is divided by 111?
107
What is the remainder when 37031 is divided by 15?
11
What is the remainder when 3875 is divided by 301?
263
What is the remainder when 292 is divided by 165?
127
Calculate the remainder when 6235 is divided by 97.
27
What is the remainder when 32793 is divided by 64?
25
Calculate the remainder when 407404 is divided by 4428.
28
What is the remainder when 869766 is divided by 119?
114
What is the remainder when 15194 is divided by 452?
278
What is the remainder when 3651 is divided by 666?
321
What is the remainder when 23262 is divided by 1044?
294
What is the remainder when 11745706 is divided by 206?
204
What is the remainder when 94989 is divided by 1759?
3
What is the remainder when 13784 is divided by 475?
9
What is the remainder when 9174 is divided by 62?
60
Calculate the remainder when 7573 is divided by 2488.
109
Calculate the remainder when 1548 is divided by 207.
99
Calculate the remainder when 9884 is divided by 152.
4
Calculate the remainder when 122886 is divided by 137.
134
What is the remainder when 2634 is divided by 369?
51
Calculate the remainder when 329769 is divided by 13.
11
What is the remainder when 167242 is divided by 638?
86
Calculate the remainder when 584 is divided by 233.
118
Calculate the remainder when 3714 is divided by 3400.
314
What is the remainder when 90478 is divided by 232?
230
What is the remainder when 3598 is divided by 778?
486
Calculate the remainder when 62158 is divided by 1517.
1478
What is the remainder when 490050 is divided by 1036?
22
What is the remainder when 10556 is divided by 30?
26
What is the remainder when 11786 is divided by 328?
306
Calculate the remainder when 284494 is divided by 9177.
7
What is the remainder when 2426 is divided by 808?
2
Calculate the remainder when 38842 is divided by 103.
11
Calculate the remainder when 22750 is divided by 31.
27
Calculate the remainder when 417584 is divided by 28.
20
What is the remainder when 94042 is divided by 28?
18
What is the remainder when 258035 is divided by 124?
115
Calculate the remainder when 60397 is divided by 82.
45
What is the remainder when 155030 is divided by 60?
50
What is the remainder when 17653 is divided by 384?
373
Calculate the remainder when 50611 is divided by 679.
365
What is the remainder when 130303 is divided by 43346?
265
Calculate the remainder when 15360 is divided by 83.
5
Calculate the remainder when 2676 is divided by 444.
12
What is the remainder when 51839 is divided by 4298?
263
Calculate the remainder when 37125 is divided by 104.
101
What is the remainder when 100325 is divided by 395?
390
Calculate the remainder when 74744 is divided by 505.
4
What is the remainder when 94379 is divided by 55?
54
What is the remainder when 213352 is divided by 2883?
10
What is the remainder when 486739 is divided by 1650?
1639
Calculate the remainder when 69097 is divided by 163.
148
Calculate the remainder when 186747 is divided by 4788.
15
What is the remainder when 3448 is divided by 192?
184
Calculate the remainder when 231 is divided by 151.
80
What is the remainder when 418 is divided by 64?
34
Calculate the remainder when 20760 is divided by 2040.
360
What is the remainder when 6392 is divided by 913?
1
What is the remainder when 10161 is divided by 175?
11
Calculate the remainder when 2767 is divided by 646.
183
What is the remainder when 3942 is divided by 1248?
198
What is the remainder when 948954 is divided by 118?
116
What is the remainder when 51028 is divided by 70?
68
What is the remainder when 48748 is divided by 113